r - 7. Let l be b(c). Suppose -l*o = -2*o - 3353. Is o prime?
True
Let g(i) = 273805*i - 64. Is g(7) composite?
True
Suppose -2*r + 3*r - 45865 = -5*k, 0 = -5*k + 5*r + 45835. Let d = -6363 + k. Suppose 0*c - 4*x - d = -c, 0 = x - 1. Is c composite?
True
Suppose 0 = 31*x - 30*x - 3. Suppose 102 = 2*p - 5*n - 281, x*p + n - 600 = 0. Suppose -z + 5*j + p = -0*j, 4*z + 2*j = 796. Is z composite?
False
Let a = 58 + -47. Let o(q) = 11 + 63*q**2 - 7*q - 7*q - 52*q**2 + 7. Is o(a) composite?
True
Let u = 120493 - 67386. Is u a prime number?
False
Let i(o) = -459*o - 18733. Is i(-178) composite?
False
Suppose 22*n + 4*f = 25*n - 193175, n - 64392 = f. Is n a prime number?
False
Suppose -26 = -4*z - 14. Suppose 37 - 9 = 4*d + 4*b, -2*d + z*b = -4. Is (-120)/(-25) - 5 - (-1866)/d a composite number?
False
Suppose 18*o - 17*o = 15. Let f be 1 - (-53751)/o - 4/10. Let r = 6411 - f. Is r prime?
False
Let g = 29 - 18. Suppose 0 = -5*i + 4 + g. Suppose 3*d - 134 = -f, d = -i*f + 262 + 132. Is f composite?
False
Suppose -16 = 4*q, i - q - 17 = 8. Is 10/15 + 145348/i a composite number?
True
Let a(g) = 664*g**2 + 12*g - 1. Suppose 0 = v + 17 - 14. Is a(v) composite?
False
Let i be (-4)/(-12) - (-1)/(-3). Suppose -3*q - 4518 = -4*m + 3383, i = 3*m - q - 5922. Is m prime?
True
Let o be 1884/18 + 2/(-3). Suppose -u - o - 204 = 0. Let r = 2025 - u. Is r a composite number?
False
Suppose -3*l - 5*c - 9 = -5, -4*l = 2*c - 18. Let i(q) = q**3 - 7*q**2 - q + 10. Let g be i(l). Suppose 766 = 2*s - g*w, s + 2*w - 159 = 238. Is s composite?
False
Suppose 11 = 3*j + 2*p, -p + 8 = 2*j - 0*p. Suppose 0*x - j*x = 5*t, x + 4*t - 9 = 0. Let a(v) = -11*v**3 + v**2 + 2*v - 2. Is a(x) a prime number?
False
Suppose -i = -6*i. Suppose 4*r - 13 = -5*a, i*r - r = 4*a - 6. Suppose -5*t = -m - 10760, 0 = -r*t - 3*m + 5804 - 1483. Is t composite?
False
Is (14/(-12) - -1)/((-66)/6251652) a composite number?
False
Let z(r) = r + 12. Let c be z(-8). Suppose -2*s + 12 = 2*v, -27 = -c*s + 3*v - 10. Suppose -x + 6*x + s*u - 2750 = 0, 0 = u + 3. Is x a prime number?
False
Let r be 14 + 2 - 2/2. Suppose r*u = 107479 + 257666. Is u a composite number?
True
Let n = 16 - 10. Let t = 1532 - 1530. Suppose 3*o - 1041 = n*i - 5*i, t*i + 1735 = 5*o. Is o a prime number?
True
Suppose 4*z = 12*z - 17280. Suppose 12*r + z = 11*r. Let a = r - -3049. Is a a prime number?
False
Suppose 2401 = 20*u - 12439. Let f = 965 - -270. Let l = f - u. Is l a prime number?
False
Suppose -7*d - 1635 - 5267 = 0. Let k = 2451 + d. Is k a prime number?
False
Let l = 52 - 48. Suppose -l*p - 656 = -2264. Let q = p + -256. Is q a prime number?
False
Let d(p) = -4 - 9*p**2 - 3*p**3 - 12*p + 29*p**2 - 18*p**2. Is d(-9) prime?
False
Suppose 3316463 - 38072858 = -219*y. Is y a prime number?
False
Let w be 12*(5 + (-18)/4). Suppose -26271 = -5*v - 4*t, 5*v = w*t - 5*t + 26251. Is v prime?
False
Let h(g) = -24*g + 19 - 23 - 69*g + 8 + 13. Let f be (-4)/(-8)*(-2 - 6). Is h(f) a prime number?
True
Let u(i) = 2*i**3 - 20*i**2 + 18*i - 25. Let k be (4 + (-14)/5)*75/6. Is u(k) prime?
False
Suppose -49 + 169 = 15*d. Let v = 905 + d. Is v prime?
False
Suppose 732*j - 774*j = -99884022. Is j prime?
True
Suppose 2*a + 90199 = -9*y + 681344, -2*y - 4*a = -131362. Is y prime?
False
Is 5 - 8 - -90847 - 11 prime?
True
Let c be (-1342)/14 + (-3)/21. Let n be ((-5)/(-4))/(24/c). Is 211 - (5/n + 1) a composite number?
False
Suppose -y = 5*s - 80, 4*y = 2*y - s + 133. Is (-1)/(-5) - (-7917)/y a composite number?
True
Let g = -7032 + 3776. Let w = g - -1946. Let i = 203 - w. Is i a prime number?
False
Let z(j) = 74*j**2 - 6*j - 7. Let w(o) = -3*o**2 - 3*o - 1. Let l be w(-1). Let i = -2 + l. Is z(i) a prime number?
True
Suppose -22 - 54 = -19*f. Suppose -5*d + d = 0, -f*d + 102093 = 3*q. Is q composite?
False
Let w be 1 + 137 - 4 - -8. Suppose 144*b = w*b + 12490. Is b a prime number?
False
Let n(v) be the first derivative of 2*v**3/3 - 4*v**2 + 8*v - 4. Let j be n(4). Suppose 11*s - j*s = 1461. Is s composite?
False
Suppose -2*v - 2*p + 185 = -5*p, -452 = -5*v + 4*p. Suppose -54*a - 432 = -a + 19*a. Is (5 - v/12)*a prime?
False
Let g = 112 - 110. Suppose 2614 = g*u - 2*v, u + v - 3917 = -2*u. Is u a composite number?
True
Let b(v) be the third derivative of -11*v**6/120 - v**5/12 - 31*v**4/24 + 4*v**3 + 3*v**2 - 10*v. Is b(-11) prime?
True
Suppose r - 59962 = -5*k, -268295 = -5*r - 2*k + 31630. Is r composite?
True
Suppose -737*s + 739*s - 149288 = 3*y, -3*s + y = -223953. Is s a prime number?
True
Suppose 6*v - 7*v = 0. Suppose 5*f - 3 = 3*x, v = -x - 0*x - 1. Let n(y) = -7*y + 1345. Is n(f) prime?
False
Suppose -2*l + 1126322 = -i, 9*l - 4*l + 3*i - 2815772 = 0. Is l a prime number?
False
Is (6/15)/(50/(-119269125)*-9) prime?
False
Let t be (2 + (-15)/12)*4. Suppose -5*d - 5*s + 18 = -22, 0 = 2*s - 6. Suppose 5*f - 2155 = 4*i, d*i = -2*f + t*f - 452. Is f a prime number?
False
Let i = 153 - 71. Let t = i + -78. Suppose 0 = -3*f - 3*z + 2235, -6*f + 2237 = -3*f + t*z. Is f a composite number?
False
Let n be 10*(2 + -4 + 12/15). Is n + 12 - (0 - 5227) a composite number?
False
Let r = 179 + -177. Suppose -3*p = r*m - 1262, -4*p + 3*p - 5*m = -412. Is p composite?
True
Suppose -5*h = -5*v + 20, 12*h + 4 = 8*h. Is v/2 - 1538930/(-92) a composite number?
False
Let j = -263 - -264. Is 2*(j + 8801/2) prime?
True
Suppose -3*w = 0, 3*z - 87714 = -w - 3*w. Suppose 0 = 97*q - 103*q + z. Is q prime?
False
Is 32/80*(63957 - 2) a composite number?
True
Suppose 0 = -5*r + 4154 + 841. Let j(s) = -14*s**2 - 6*s - 4. Let i be j(6). Let q = r - i. Is q a composite number?
False
Suppose x - 8 = -6*k + 2*k, 2*k + 2*x - 10 = 0. Let j be ((-4)/8)/((1/(-154))/k). Suppose 2*l + j = 2*a + 23, a = -5*l + 15. Is a a composite number?
True
Let k(w) = -w**2 + 17*w + 96. Let b be k(22). Is (-4)/b + 0 + 14192/112 a composite number?
False
Let s = -2855 - -4525. Suppose 3763 = b - s. Is b a prime number?
False
Is (-7)/14 + 557352/16 a prime number?
False
Is (2/(-22) + (-248)/176)/(3/(-29962)) a prime number?
False
Let n = -902 + 905. Let k be (1 + 603)/((-4)/(-6)). Suppose -2*f = -n*c + k + 1643, -5*f - 828 = -c. Is c a composite number?
False
Suppose -f - 81 = 2*f. Let m be (8/3)/(18/f). Is (-257)/m + 3 - 3/12 a composite number?
False
Let g be ((-6)/8 + (1 - 3))*-4. Let w(k) = k**3 - 5*k**2 - 28*k + 14. Let p be w(g). Suppose 2*z = -3*x + 493, -5*x = 4*z - p - 557. Is z composite?
False
Let g(m) = 70*m**2 + 78*m + 49. Is g(43) a prime number?
True
Let t(z) = 44904*z**3 + 4*z**2 + 145*z - 446. Is t(3) a prime number?
True
Let x(j) = 738*j**2 + 6*j + 9. Suppose -12*q + 8*q = 8. Is x(q) composite?
True
Let g = 6954 - -7247. Is g prime?
False
Suppose -37 = -2*f + 3*f + 4*d, -2*f - 90 = 4*d. Let s = 49 + f. Is (-6578)/s + (-6)/4 prime?
False
Suppose 6*w - 11 - 1 = 0. Let n be 277974/24 - 3/24*w. Suppose n = 2*p + 3180. Is p a prime number?
True
Let o(l) be the second derivative of 5*l**4/6 + l**3/3 + 5*l**2/2 + 8*l. Is o(-17) prime?
True
Let j be (-3)/(-2) - (-24)/16. Is j/((-6)/(-18784)) - (-10 + 11) a prime number?
True
Let t(c) = 207139*c**2 - 321*c - 321. Is t(-1) prime?
True
Let r(y) = -237*y + 3. Let p be (-13 - -2 - -6)*4/10. Let w be r(p). Suppose -2*h = -5*h + w. Is h a composite number?
True
Is (682/62 + 19719/(-12))/(2/(-16)) composite?
True
Suppose 3*g + g = 176. Let v = 20 - g. Is (-124)/6*828/v a prime number?
False
Let t = -83 - -81. Is t - -17907 - -1 - 3 a composite number?
False
Let r = 2 - 86. Is 25778/8 - 63/r composite?
True
Suppose -37*u - 9*u = -4909220 - 2775770. Is u composite?
True
Let r(a) be the first derivative of 41*a**5/40 + 7*a**4/12 + 20*a**3/3 - 42. Let w(k) be the third derivative of r(k). Is w(23) a composite number?
False
Suppose -2*d + 182 = 3*y + 760, 3*d = -4*y - 772. Let w = -110 - y. Suppose n + 5*l = 437 - w, -2*n = 2*l - 754. Is n prime?
False
Is (19833929/38 - 19) + 1/2 prime?
False
Suppose 3*i = -3*i + 540. Suppose 5*z - 6*w + 11*w = -i, -4*w = z + 30. Is -3 - z*(0 + 3) prime?
False
Is (-2195944)/(-30) + 19 + 2/(-15) prime?
False
Let d be ((-10)/(-25))/(4/220). Suppose 28 = 2*o + d. Suppose 0*k - 4*k - 2221 = -o*w, 2*k - 3719 = -5*w. Is w a composite number?
False
Suppose 4*u + 34*y = 32*y + 54172, -3*y = 3*u - 40629. Is u composite